nder when r(-8) is divided by p(-4)?
5
Let g = 15 + -11. Suppose -4*s - 5*y = -40, -2*s + 2*y + 2 = -0*y. Suppose 2*b = 5*a - 241, -g*b - s = -13. Calculate the remainder when a is divided by 13.
10
Let k(f) = f**2 + 9*f. Let z be k(-9). Let o = -24 + z. Let t = 59 + o. What is the remainder when t is divided by 19?
16
Let q = -47 + 83. Let s = -2 + 12. What is the remainder when (104/(-12))/((-8)/q) is divided by s?
9
Suppose 2*k = -4*k + 30. Suppose 0 = -k*t - 3 + 33. What is the remainder when 10 is divided by t?
4
Let o be (-109 + -24)/((-2)/(-1 - -3)). Let c = -102 + o. What is the remainder when 123 is divided by c?
30
Suppose -17*z - 4*h = -15*z - 16, 12 = -4*h. Calculate the remainder when 50 is divided by z.
8
Suppose 0 = -o + 4*o - 90. Let d = -21 + o. Calculate the remainder when 25 is divided by d.
7
Let y(w) = -11*w - 140. What is the remainder when 40 is divided by y(-15)?
15
Let j = 40 + -33. Let h = 7 - 4. Calculate the remainder when j is divided by h.
1
What is the remainder when 679 is divided by -5 - (1 + 2 + -5 - 88)?
84
Let i be ((-28)/(-21))/(((-4)/(-1134))/1). Suppose -7*h + i = -0*h. What is the remainder when h is divided by 19 - ((1 - 1) + 0)?
16
Suppose -10*g + 23*g - 26 = 0. Suppose 0 = 2*x - g*h - 132, -5*x - 5*h + 146 = -234. Calculate the remainder when x is divided by 18.
17
Suppose -4*h = h + 4*t - 152, 3*h = -4*t + 96. Calculate the remainder when h is divided by 8.
4
Suppose w = -12 + 24. Suppose -4*m - a + 0 = -w, 2*a = m - 3. Let r(l) = 4*l + 2. What is the remainder when 26 is divided by r(m)?
12
Let r(v) = -3*v**2 + 26*v - 1. What is the remainder when r(4) is divided by 47?
8
Let x be (-20)/(-25) - 1021/(-5). Calculate the remainder when 1/(-4 - (-825)/x) is divided by 22.
19
Suppose n + 2*n = 282. Suppose 0 = -4*s + m + n, -4*m = -4*s + 98 + 2. Suppose 0*v - s = -v. Calculate the remainder when 43 is divided by v.
20
Let i(y) = -29*y - 217. What is the remainder when i(-10) is divided by (222/(-8))/(-3)*4?
36
Suppose 3*y + y + 1308 = 0. Let i = 642 + y. Suppose 5*o - 232 = -2*q, -5*o + 5*q - 90 + i = 0. What is the remainder when o is divided by 12?
10
Suppose -4*v = -2*v - 14. Let j(n) = n**3 + 20*n**2 + 20*n + 21. What is the remainder when v is divided by j(-19)?
1
Calculate the remainder when 47 is divided by (-93)/(-5) - (-141)/(-235).
11
Suppose -793*s + 773*s + 1780 = 0. What is the remainder when 265 is divided by s?
87
Let y be ((-222)/(-27) - 8)/(3/27). Suppose -4*q - 68 = -5*g + 3*g, -4*q + 114 = 5*g. Suppose y*z - 4*z + g = 0. What is the remainder when 37 is divided by z?
11
Suppose 49*w = 43*w + 258. Calculate the remainder when 299 is divided by w.
41
Suppose 3*x + 39 = p, 3*p + x - 2*x - 93 = 0. Calculate the remainder when 297 is divided by p.
27
Let s = -1058 - -1393. Calculate the remainder when s is divided by 89.
68
Suppose 0 = -3*o + 50 + 136. Calculate the remainder when 124 is divided by o.
0
Calculate the remainder when 1845 is divided by (-1)/((-11)/(605/(-15)))*-18.
63
Let h be (1 + -2 + -13)*(5 - 6). Let v(i) = i**3 - 14*i**2 + i - 7. Calculate the remainder when 33 is divided by v(h).
5
Let w = 72 - -64. Let m = w + -113. What is the remainder when 86 is divided by m?
17
Calculate the remainder when 21 is divided by (-6)/4 + 205/10.
2
Let m = -131 - -238. Suppose d + m = 2*h, 0*d + d = -5*h + 271. What is the remainder when h is divided by 5?
4
Let x = 250 + -217. What is the remainder when x is divided by 9?
6
Let u be (-7)/175*-15*(-5)/(-1). Suppose 2*k - 289 = -k + 5*h, -u*h = k - 115. Calculate the remainder when k is divided by 15.
13
Let c(d) = 15*d**2 + 7*d - 3. Suppose 0 = -l + 4*r - 18, 0 = -2*l + 7*l - 4*r + 10. What is the remainder when c(l) is divided by 21?
8
Let n be ((-12)/8)/(1/(-4)). Suppose -862 = -n*g - 232. Calculate the remainder when g is divided by 9.
6
Suppose 0 = -q + 2 - 2. Let t = q + 8. Calculate the remainder when 15 is divided by t.
7
Suppose -4*v + 5*b = -125, -72 - 20 = -3*v + 2*b. Let g(c) = 5*c**2 + c + 9. What is the remainder when g(-4) is divided by v?
25
Let v(g) = -2*g + 62. Calculate the remainder when 89 is divided by v(12).
13
Suppose 10*t = 100 + 60. Calculate the remainder when 57 is divided by t.
9
Suppose -5*k + 115 = v, 4*v + 4*k = 9*v - 488. What is the remainder when v is divided by 26?
22
Suppose 0 = 7*v + 7 - 21. Suppose -v*m = 5*g - 27, -2*g - m + 21 = 2*g. Calculate the remainder when (-35)/(-4) + (-2)/(-8) is divided by g.
4
Let j be (-8 - -7)/((-1)/(-22)). Let d = j - -34. Let b(a) = -a + 17. What is the remainder when 17 is divided by b(d)?
2
Suppose 2*u - 34 = -160. Let g = u + 67. Calculate the remainder when 35 is divided by g.
3
Let r = 48 - 54. What is the remainder when 79/2*(3 + r + 5) is divided by 10?
9
Let c(l) = -l**3 + 5 - 11*l**2 - 4 - 2 + 11*l. Let f = 94 + -106. What is the remainder when 31 is divided by c(f)?
9
Let w be (-1)/(-4) - (-200)/(-32). What is the remainder when 18 is divided by -33*(4 - (-26)/w)?
7
Let z(s) = 9*s**2 - 9*s - 15. Calculate the remainder when z(-4) is divided by 7.
4
Let v(a) = -a**2 + 11*a + 9. Let g = -26 - -34. What is the remainder when 129 is divided by v(g)?
30
Let s be (-22)/99 + (-2)/(-9). Let t = -4 + s. Let y(l) = l**3 + 6*l**2 + 3*l + 2. What is the remainder when 65 is divided by y(t)?
21
Suppose 2*o + 161 = 3*c - 3*o, -3*o = 4*c - 205. Suppose 93*n - 91*n - 1 = -y, -n = 5. What is the remainder when c is divided by y?
8
Let c(l) = -2*l**3 - l - 2. Suppose -5*x = -2*v - 78, v - 2*v = 5*x - 66. What is the remainder when c(-3) is divided by x?
13
Suppose 4*w - 5*b - 155 - 1133 = 0, 2*w - 644 = 2*b. Calculate the remainder when w is divided by 160.
2
Let w(y) = 6*y**3 + 2*y**2. Let o(c) = -2*c**2 + 25*c - 4. Let g = -42 + 53. Calculate the remainder when w(2) is divided by o(g).
27
Suppose -11*q + 789 = -234. Let x = -78 + q. What is the remainder when 72 is divided by x?
12
Let j(l) = -3*l - 11. What is the remainder when 484/10 - 2/35*7 is divided by j(-8)?
9
Let s(b) = b**3 + 6*b**2 - 8*b - 4. Let a be s(-7). Suppose -a = 3*j, 5*m - 2*j = 263 + 94. Calculate the remainder when m is divided by 12.
11
Let i = -26 + 40. Let l = 15 + i. What is the remainder when l is divided by 9?
2
Let t(l) = l + 7. Let p be t(-5). Let i be p/(6/2 - 5). What is the remainder when i + 3 + 5*3 is divided by 5?
2
Suppose 3*m + c - 65 + 14 = 0, -3*m - 3*c + 45 = 0. Suppose 4*a = -2*f + 186, -f - 2*a + 98 = a. Calculate the remainder when f is divided by m.
11
Suppose 2*z + 35*b = 33*b + 18, 24 = z - 4*b. Let h = -50 - -107. What is the remainder when h is divided by z?
9
What is the remainder when ((-2984)/(-20))/((-8)/5 + 2) is divided by 47?
44
Suppose 0 = -4*m + 67 + 49. What is the remainder when m is divided by 6/(((-3)/6)/(2/(-6)))?
1
Let p = 90 + -276. Let x = -111 - p. Let f = x - 49. What is the remainder when 49 is divided by f?
23
Let h(m) = m**3 + m**2 + 30. Let g be h(0). Let k = g + 27. Suppose a + k + 94 = 4*j, -5*j + 193 = 3*a. What is the remainder when j is divided by 10?
8
Suppose -2478 = -56*h - 3*h. What is the remainder when 182 is divided by h?
14
Suppose 4*x - 5*x = 0. Suppose -f + 169 = 2*o, -f = -x*f - 5. Suppose 4*p = 3*s - s + o, 33 = p + 2*s. What is the remainder when 45 is divided by p?
22
Suppose -1 = -f + 5. Let a(q) = q**2 - 5*q + 7. Suppose 0 = -2*b - 8, -2*m - b = 3*m - 236. What is the remainder when m is divided by a(f)?
9
Let j = -432 + 504. What is the remainder when 430 is divided by j?
70
Let p be (-7)/14*(3 - -1). Let l(m) = 20*m**2 + 3*m + 3. Calculate the remainder when l(p) is divided by ((-2)/(-6))/(2/156).
25
Let z = 70 - 17. What is the remainder when z is divided by 29?
24
Suppose -2*t + 20 + 0 = 0. Calculate the remainder when 41 is divided by t.
1
Let v = 8 + 1. What is the remainder when 26 is divided by v?
8
Let f = -13 - -28. Let a = f - 23. Calculate the remainder when (a/(-3))/(16/312) is divided by 11.
8
Let c = -40 + 66. Let p(h) = -h**2 - 10*h - 13. Let j be p(-9). Calculate the remainder when c is divided by 14 - 0/(-2 - j).
12
Suppose 5*q + 4*g - 71 - 14 = 0, -5*q - g = -100. What is the remainder when 1069 is divided by q?
19
Let f(q) = -q**2 - 4*q. Let o be f(-4). Calculate the remainder when -1 + (-939)/(-18) + 7/(-42